{"id":1868,"date":"2025-01-08T12:17:27","date_gmt":"2025-01-08T11:17:27","guid":{"rendered":"https:\/\/panrest.com\/yamada-sushi-unia\/?post_type=product&#038;p=1868"},"modified":"2025-01-08T12:44:15","modified_gmt":"2025-01-08T11:44:15","slug":"plpokebowl-wegetarianskienvegetarian-pokebowl","status":"publish","type":"product","link":"https:\/\/panrest.com\/yamada-sushi-unia\/produkt\/plpokebowl-wegetarianskienvegetarian-pokebowl\/","title":{"rendered":"Pokebowl Wegetaria\u0144ski"},"content":{"rendered":"<p>Ry\u017c, Inari tofu, Mango, Marchewka, Edamame ,Kimchi, Awokado, Og\u00f3rek, Sezam, Majonez<br \/>\njapo\u0144ski<\/p>\n","protected":false},"excerpt":{"rendered":"<p>Ry\u017c, Inari tofu, Mango, Marchewka, Edamame ,Kimchi, Awokado, Og\u00f3rek, Sezam, Majonez<br \/>\njapo\u0144ski<\/p>\n","protected":false},"featured_media":1923,"template":"","meta":{"_acf_changed":false},"product_brand":[],"product_cat":[58],"product_tag":[],"class_list":{"0":"post-1868","1":"product","2":"type-product","3":"status-publish","4":"has-post-thumbnail","6":"product_cat-pokebowl","8":"first","9":"instock","10":"shipping-taxable","11":"purchasable","12":"product-type-simple"},"acf":[],"_links":{"self":[{"href":"https:\/\/panrest.com\/yamada-sushi-unia\/wp-json\/wp\/v2\/product\/1868","targetHints":{"allow":["GET"]}}],"collection":[{"href":"https:\/\/panrest.com\/yamada-sushi-unia\/wp-json\/wp\/v2\/product"}],"about":[{"href":"https:\/\/panrest.com\/yamada-sushi-unia\/wp-json\/wp\/v2\/types\/product"}],"wp:featuredmedia":[{"embeddable":true,"href":"https:\/\/panrest.com\/yamada-sushi-unia\/wp-json\/wp\/v2\/media\/1923"}],"wp:attachment":[{"href":"https:\/\/panrest.com\/yamada-sushi-unia\/wp-json\/wp\/v2\/media?parent=1868"}],"wp:term":[{"taxonomy":"product_brand","embeddable":true,"href":"https:\/\/panrest.com\/yamada-sushi-unia\/wp-json\/wp\/v2\/product_brand?post=1868"},{"taxonomy":"product_cat","embeddable":true,"href":"https:\/\/panrest.com\/yamada-sushi-unia\/wp-json\/wp\/v2\/product_cat?post=1868"},{"taxonomy":"product_tag","embeddable":true,"href":"https:\/\/panrest.com\/yamada-sushi-unia\/wp-json\/wp\/v2\/product_tag?post=1868"}],"curies":[{"name":"wp","href":"https:\/\/api.w.org\/{rel}","templated":true}]}}