{"id":1624,"date":"2025-01-08T12:06:29","date_gmt":"2025-01-08T11:06:29","guid":{"rendered":"https:\/\/panrest.com\/yamada-sushi-unia\/?post_type=product&#038;p=1624"},"modified":"2025-06-20T15:22:01","modified_gmt":"2025-06-20T13:22:01","slug":"plzestaw-c-california-13-szt-en-kopia","status":"publish","type":"product","link":"https:\/\/panrest.com\/yamada-sushi-unia\/produkt\/plzestaw-c-california-13-szt-en-kopia\/","title":{"rendered":"Zestaw C California 13 szt"},"content":{"rendered":"<p>California pieczony Tu\u0144czy 5 szt<\/p>\n<p>Hosomaki \u0142oso\u015b, awokado, og\u00f3rek, oshinko 8 szt.<\/p>\n","protected":false},"excerpt":{"rendered":"<p>California pieczony \u0142oso\u015b 5 szt<\/p>\n<p>Hosomaki \u0142oso\u015b, awokado, og\u00f3rek, oshinko 8 szt.<\/p>\n","protected":false},"featured_media":1661,"template":"","meta":{"_acf_changed":false},"product_brand":[],"product_cat":[42],"product_tag":[],"class_list":{"0":"post-1624","1":"product","2":"type-product","3":"status-publish","4":"has-post-thumbnail","6":"product_cat-mini-zestawy","8":"first","9":"instock","10":"shipping-taxable","11":"purchasable","12":"product-type-variable"},"acf":[],"_links":{"self":[{"href":"https:\/\/panrest.com\/yamada-sushi-unia\/wp-json\/wp\/v2\/product\/1624","targetHints":{"allow":["GET"]}}],"collection":[{"href":"https:\/\/panrest.com\/yamada-sushi-unia\/wp-json\/wp\/v2\/product"}],"about":[{"href":"https:\/\/panrest.com\/yamada-sushi-unia\/wp-json\/wp\/v2\/types\/product"}],"wp:featuredmedia":[{"embeddable":true,"href":"https:\/\/panrest.com\/yamada-sushi-unia\/wp-json\/wp\/v2\/media\/1661"}],"wp:attachment":[{"href":"https:\/\/panrest.com\/yamada-sushi-unia\/wp-json\/wp\/v2\/media?parent=1624"}],"wp:term":[{"taxonomy":"product_brand","embeddable":true,"href":"https:\/\/panrest.com\/yamada-sushi-unia\/wp-json\/wp\/v2\/product_brand?post=1624"},{"taxonomy":"product_cat","embeddable":true,"href":"https:\/\/panrest.com\/yamada-sushi-unia\/wp-json\/wp\/v2\/product_cat?post=1624"},{"taxonomy":"product_tag","embeddable":true,"href":"https:\/\/panrest.com\/yamada-sushi-unia\/wp-json\/wp\/v2\/product_tag?post=1624"}],"curies":[{"name":"wp","href":"https:\/\/api.w.org\/{rel}","templated":true}]}}