{"id":2527,"date":"2025-03-17T12:04:19","date_gmt":"2025-03-17T11:04:19","guid":{"rendered":"https:\/\/panrest.com\/sea-burger-bialolenka\/?post_type=product&#038;p=2527"},"modified":"2025-03-17T12:05:53","modified_gmt":"2025-03-17T11:05:53","slug":"pieczony-losos-w-migdalach-6szt","status":"publish","type":"product","link":"https:\/\/panrest.com\/sea-burger-bialolenka\/produkt\/pieczony-losos-w-migdalach-6szt\/","title":{"rendered":"Pieczony \u0142oso\u015b w migda\u0142ach 6szt"},"content":{"rendered":"","protected":false},"excerpt":{"rendered":"","protected":false},"featured_media":2557,"template":"","meta":{"_acf_changed":false},"product_brand":[],"product_cat":[98],"product_tag":[],"class_list":{"0":"post-2527","1":"product","2":"type-product","3":"status-publish","4":"has-post-thumbnail","6":"product_cat-special-maki","8":"first","9":"instock","10":"shipping-taxable","11":"purchasable","12":"product-type-simple"},"acf":[],"_links":{"self":[{"href":"https:\/\/panrest.com\/sea-burger-bialolenka\/wp-json\/wp\/v2\/product\/2527","targetHints":{"allow":["GET"]}}],"collection":[{"href":"https:\/\/panrest.com\/sea-burger-bialolenka\/wp-json\/wp\/v2\/product"}],"about":[{"href":"https:\/\/panrest.com\/sea-burger-bialolenka\/wp-json\/wp\/v2\/types\/product"}],"wp:featuredmedia":[{"embeddable":true,"href":"https:\/\/panrest.com\/sea-burger-bialolenka\/wp-json\/wp\/v2\/media\/2557"}],"wp:attachment":[{"href":"https:\/\/panrest.com\/sea-burger-bialolenka\/wp-json\/wp\/v2\/media?parent=2527"}],"wp:term":[{"taxonomy":"product_brand","embeddable":true,"href":"https:\/\/panrest.com\/sea-burger-bialolenka\/wp-json\/wp\/v2\/product_brand?post=2527"},{"taxonomy":"product_cat","embeddable":true,"href":"https:\/\/panrest.com\/sea-burger-bialolenka\/wp-json\/wp\/v2\/product_cat?post=2527"},{"taxonomy":"product_tag","embeddable":true,"href":"https:\/\/panrest.com\/sea-burger-bialolenka\/wp-json\/wp\/v2\/product_tag?post=2527"}],"curies":[{"name":"wp","href":"https:\/\/api.w.org\/{rel}","templated":true}]}}