{"id":2428,"date":"2025-03-05T19:53:28","date_gmt":"2025-03-05T18:53:28","guid":{"rendered":"https:\/\/panrest.com\/rbmpraga\/?post_type=product&#038;p=2428"},"modified":"2025-06-16T12:59:14","modified_gmt":"2025-06-16T10:59:14","slug":"plpierozki-z-kimchi-i-miesemenpierozki-z-kimchi-i-miesem-kopia","status":"publish","type":"product","link":"https:\/\/panrest.com\/rbmpraga\/produkt\/plpierozki-z-kimchi-i-miesemenpierozki-z-kimchi-i-miesem-kopia\/","title":{"rendered":"PIERO\u017bKI Z KIMCHI I MI\u0118SEM"},"content":{"rendered":"<p><span class=\"s1\"><i>(wo\u0142owina, kardamon, cynamon, groszek zielony, kolendra, kumin, papryka s\u0142odka, sos chili)<\/i><\/span><\/p>\n<p>Wykwintne po\u0142\u0105czenie mi\u0119sa i wielo\u015bci przypraw&#8230; kardamonu, cynamonu czy te\u017c kuminu przeniesie ci\u0119 w orientalny \u015bwiat.<\/p>\n","protected":false},"excerpt":{"rendered":"<p>* zdj\u0119cie ma charakter pogl\u0105dowy<\/p>\n","protected":false},"featured_media":2303,"template":"","meta":{"_acf_changed":false},"product_brand":[],"product_cat":[67],"product_tag":[],"class_list":{"0":"post-2428","1":"product","2":"type-product","3":"status-publish","4":"has-post-thumbnail","6":"product_cat-pierozki-na-parze","8":"first","9":"instock","10":"sale","11":"shipping-taxable","12":"purchasable","13":"product-type-simple"},"acf":[],"_links":{"self":[{"href":"https:\/\/panrest.com\/rbmpraga\/wp-json\/wp\/v2\/product\/2428","targetHints":{"allow":["GET"]}}],"collection":[{"href":"https:\/\/panrest.com\/rbmpraga\/wp-json\/wp\/v2\/product"}],"about":[{"href":"https:\/\/panrest.com\/rbmpraga\/wp-json\/wp\/v2\/types\/product"}],"wp:featuredmedia":[{"embeddable":true,"href":"https:\/\/panrest.com\/rbmpraga\/wp-json\/wp\/v2\/media\/2303"}],"wp:attachment":[{"href":"https:\/\/panrest.com\/rbmpraga\/wp-json\/wp\/v2\/media?parent=2428"}],"wp:term":[{"taxonomy":"product_brand","embeddable":true,"href":"https:\/\/panrest.com\/rbmpraga\/wp-json\/wp\/v2\/product_brand?post=2428"},{"taxonomy":"product_cat","embeddable":true,"href":"https:\/\/panrest.com\/rbmpraga\/wp-json\/wp\/v2\/product_cat?post=2428"},{"taxonomy":"product_tag","embeddable":true,"href":"https:\/\/panrest.com\/rbmpraga\/wp-json\/wp\/v2\/product_tag?post=2428"}],"curies":[{"name":"wp","href":"https:\/\/api.w.org\/{rel}","templated":true}]}}