{"id":2427,"date":"2025-03-05T19:53:27","date_gmt":"2025-03-05T18:53:27","guid":{"rendered":"https:\/\/panrest.com\/rbmpraga\/?post_type=product&#038;p=2427"},"modified":"2025-06-16T12:59:15","modified_gmt":"2025-06-16T10:59:15","slug":"plpierozki-z-lososiemenpierozki-z-lososiem-kopia","status":"publish","type":"product","link":"https:\/\/panrest.com\/rbmpraga\/produkt\/plpierozki-z-lososiemenpierozki-z-lososiem-kopia\/","title":{"rendered":"PIERO\u017bKI Z \u0141OSOSIEM"},"content":{"rendered":"<p><span class=\"s1\"><i>(\u0142oso\u015b, mango, sezam, sos sojowy, sos sambal)<\/i><\/span><\/p>\n<p>Do\u015bwiadczysz niesamowitego prze\u017cycia, dzi\u0119ki kt\u00f3remu rozpocznie si\u0119 Twoja fascynacja tymi przek\u0105skami.<\/p>\n","protected":false},"excerpt":{"rendered":"<p>* zdj\u0119cie ma charakter pogl\u0105dowy<\/p>\n","protected":false},"featured_media":2301,"template":"","meta":{"_acf_changed":false},"product_brand":[],"product_cat":[67],"product_tag":[],"class_list":{"0":"post-2427","1":"product","2":"type-product","3":"status-publish","4":"has-post-thumbnail","6":"product_cat-pierozki-na-parze","8":"first","9":"instock","10":"sale","11":"shipping-taxable","12":"purchasable","13":"product-type-simple"},"acf":[],"_links":{"self":[{"href":"https:\/\/panrest.com\/rbmpraga\/wp-json\/wp\/v2\/product\/2427","targetHints":{"allow":["GET"]}}],"collection":[{"href":"https:\/\/panrest.com\/rbmpraga\/wp-json\/wp\/v2\/product"}],"about":[{"href":"https:\/\/panrest.com\/rbmpraga\/wp-json\/wp\/v2\/types\/product"}],"wp:featuredmedia":[{"embeddable":true,"href":"https:\/\/panrest.com\/rbmpraga\/wp-json\/wp\/v2\/media\/2301"}],"wp:attachment":[{"href":"https:\/\/panrest.com\/rbmpraga\/wp-json\/wp\/v2\/media?parent=2427"}],"wp:term":[{"taxonomy":"product_brand","embeddable":true,"href":"https:\/\/panrest.com\/rbmpraga\/wp-json\/wp\/v2\/product_brand?post=2427"},{"taxonomy":"product_cat","embeddable":true,"href":"https:\/\/panrest.com\/rbmpraga\/wp-json\/wp\/v2\/product_cat?post=2427"},{"taxonomy":"product_tag","embeddable":true,"href":"https:\/\/panrest.com\/rbmpraga\/wp-json\/wp\/v2\/product_tag?post=2427"}],"curies":[{"name":"wp","href":"https:\/\/api.w.org\/{rel}","templated":true}]}}