{"id":2424,"date":"2025-03-05T19:53:24","date_gmt":"2025-03-05T18:53:24","guid":{"rendered":"https:\/\/panrest.com\/rbmpraga\/?post_type=product&#038;p=2424"},"modified":"2025-06-16T12:59:18","modified_gmt":"2025-06-16T10:59:18","slug":"plpierozki-z-chili-i-krewetkamienpierozki-z-chili-i-krewetkami-kopia","status":"publish","type":"product","link":"https:\/\/panrest.com\/rbmpraga\/produkt\/plpierozki-z-chili-i-krewetkamienpierozki-z-chili-i-krewetkami-kopia\/","title":{"rendered":"PIERO\u017bKI Z CHILI I KREWETKAMI"},"content":{"rendered":"<p><span class=\"s1\"><i>(krewetki, pomidory, czosnek, cytryna, mi\u0119ta, sos chili)<\/i><\/span><\/p>\n<p>Idealne na ka\u017cd\u0105 por\u0119 dnia. Ich farsz jest tak zbalansowany,\u00a0\u017ce idealnie wp\u0142ywa na wprowadzenie r\u00f3wnowagi do organizmu,\u00a0nawet po najbardziej wyszukanych trunkach.<\/p>\n","protected":false},"excerpt":{"rendered":"<p>* zdj\u0119cie ma charakter pogl\u0105dowy<\/p>\n","protected":false},"featured_media":2302,"template":"","meta":{"_acf_changed":false},"product_brand":[],"product_cat":[67],"product_tag":[],"class_list":{"0":"post-2424","1":"product","2":"type-product","3":"status-publish","4":"has-post-thumbnail","6":"product_cat-pierozki-na-parze","8":"first","9":"instock","10":"sale","11":"shipping-taxable","12":"purchasable","13":"product-type-simple"},"acf":[],"_links":{"self":[{"href":"https:\/\/panrest.com\/rbmpraga\/wp-json\/wp\/v2\/product\/2424","targetHints":{"allow":["GET"]}}],"collection":[{"href":"https:\/\/panrest.com\/rbmpraga\/wp-json\/wp\/v2\/product"}],"about":[{"href":"https:\/\/panrest.com\/rbmpraga\/wp-json\/wp\/v2\/types\/product"}],"wp:featuredmedia":[{"embeddable":true,"href":"https:\/\/panrest.com\/rbmpraga\/wp-json\/wp\/v2\/media\/2302"}],"wp:attachment":[{"href":"https:\/\/panrest.com\/rbmpraga\/wp-json\/wp\/v2\/media?parent=2424"}],"wp:term":[{"taxonomy":"product_brand","embeddable":true,"href":"https:\/\/panrest.com\/rbmpraga\/wp-json\/wp\/v2\/product_brand?post=2424"},{"taxonomy":"product_cat","embeddable":true,"href":"https:\/\/panrest.com\/rbmpraga\/wp-json\/wp\/v2\/product_cat?post=2424"},{"taxonomy":"product_tag","embeddable":true,"href":"https:\/\/panrest.com\/rbmpraga\/wp-json\/wp\/v2\/product_tag?post=2424"}],"curies":[{"name":"wp","href":"https:\/\/api.w.org\/{rel}","templated":true}]}}