{"id":2648,"date":"2025-01-21T11:45:11","date_gmt":"2025-01-21T10:45:11","guid":{"rendered":"https:\/\/panrest.com\/ramenandmore\/?post_type=product&#038;p=2648"},"modified":"2025-01-21T12:22:03","modified_gmt":"2025-01-21T11:22:03","slug":"ramen-kimchi-z-wieprzowina","status":"publish","type":"product","link":"https:\/\/panrest.com\/ramenandmore\/produkt\/ramen-kimchi-z-wieprzowina\/","title":{"rendered":"RAMEN KIMCHI Z WIEPRZOWIN\u0104"},"content":{"rendered":"","protected":false},"excerpt":{"rendered":"<p>Jednym s\u0142owem &#8211; witaminowa bomba. Ta odmiana ramenu\u00a0z subtelno\u015bci\u015b podra\u017cni nasze zako\u0144czenia nerwowe &#8211; sprawiaj\u0105c przyjemny b\u00f3l.<\/p>\n<p>(bulion mi\u0119sny z kimchi, makaron, wieprzowina, jajko, sa\u0142atka kimchi, oshinko, tofu)<\/p>\n","protected":false},"featured_media":2684,"template":"","meta":{"_acf_changed":false},"product_brand":[],"product_cat":[54],"product_tag":[],"class_list":{"0":"post-2648","1":"product","2":"type-product","3":"status-publish","4":"has-post-thumbnail","6":"product_cat-ramen","8":"first","9":"instock","10":"shipping-taxable","11":"purchasable","12":"product-type-simple"},"acf":[],"_links":{"self":[{"href":"https:\/\/panrest.com\/ramenandmore\/wp-json\/wp\/v2\/product\/2648","targetHints":{"allow":["GET"]}}],"collection":[{"href":"https:\/\/panrest.com\/ramenandmore\/wp-json\/wp\/v2\/product"}],"about":[{"href":"https:\/\/panrest.com\/ramenandmore\/wp-json\/wp\/v2\/types\/product"}],"wp:featuredmedia":[{"embeddable":true,"href":"https:\/\/panrest.com\/ramenandmore\/wp-json\/wp\/v2\/media\/2684"}],"wp:attachment":[{"href":"https:\/\/panrest.com\/ramenandmore\/wp-json\/wp\/v2\/media?parent=2648"}],"wp:term":[{"taxonomy":"product_brand","embeddable":true,"href":"https:\/\/panrest.com\/ramenandmore\/wp-json\/wp\/v2\/product_brand?post=2648"},{"taxonomy":"product_cat","embeddable":true,"href":"https:\/\/panrest.com\/ramenandmore\/wp-json\/wp\/v2\/product_cat?post=2648"},{"taxonomy":"product_tag","embeddable":true,"href":"https:\/\/panrest.com\/ramenandmore\/wp-json\/wp\/v2\/product_tag?post=2648"}],"curies":[{"name":"wp","href":"https:\/\/api.w.org\/{rel}","templated":true}]}}