{"id":2646,"date":"2025-01-21T11:45:09","date_gmt":"2025-01-21T10:45:09","guid":{"rendered":"https:\/\/panrest.com\/ramenandmore\/?post_type=product&#038;p=2646"},"modified":"2025-01-21T12:23:26","modified_gmt":"2025-01-21T11:23:26","slug":"miso-ramen-z-lososiem","status":"publish","type":"product","link":"https:\/\/panrest.com\/ramenandmore\/produkt\/miso-ramen-z-lososiem\/","title":{"rendered":"MISO RAMEN Z \u0141OSOSIEM"},"content":{"rendered":"","protected":false},"excerpt":{"rendered":"<p>Idealnie zbalansowany, to w\u0142a\u015bnie ramen Miso. Jego mocny smak otrzymany z pasty miso, zniewoli ka\u017cdego wytrawnego smakosza.<\/p>\n<p>(bulion mi\u0119sny, makaron, \u0142oso\u015b, jajko, grzyby mun, algi wakame)<\/p>\n","protected":false},"featured_media":2682,"template":"","meta":{"_acf_changed":false},"product_brand":[],"product_cat":[54],"product_tag":[],"class_list":{"0":"post-2646","1":"product","2":"type-product","3":"status-publish","4":"has-post-thumbnail","6":"product_cat-ramen","8":"first","9":"instock","10":"shipping-taxable","11":"purchasable","12":"product-type-simple"},"acf":[],"_links":{"self":[{"href":"https:\/\/panrest.com\/ramenandmore\/wp-json\/wp\/v2\/product\/2646","targetHints":{"allow":["GET"]}}],"collection":[{"href":"https:\/\/panrest.com\/ramenandmore\/wp-json\/wp\/v2\/product"}],"about":[{"href":"https:\/\/panrest.com\/ramenandmore\/wp-json\/wp\/v2\/types\/product"}],"wp:featuredmedia":[{"embeddable":true,"href":"https:\/\/panrest.com\/ramenandmore\/wp-json\/wp\/v2\/media\/2682"}],"wp:attachment":[{"href":"https:\/\/panrest.com\/ramenandmore\/wp-json\/wp\/v2\/media?parent=2646"}],"wp:term":[{"taxonomy":"product_brand","embeddable":true,"href":"https:\/\/panrest.com\/ramenandmore\/wp-json\/wp\/v2\/product_brand?post=2646"},{"taxonomy":"product_cat","embeddable":true,"href":"https:\/\/panrest.com\/ramenandmore\/wp-json\/wp\/v2\/product_cat?post=2646"},{"taxonomy":"product_tag","embeddable":true,"href":"https:\/\/panrest.com\/ramenandmore\/wp-json\/wp\/v2\/product_tag?post=2646"}],"curies":[{"name":"wp","href":"https:\/\/api.w.org\/{rel}","templated":true}]}}