{"id":2803,"date":"2025-03-16T11:58:07","date_gmt":"2025-03-16T10:58:07","guid":{"rendered":"https:\/\/panrest.com\/masamibialolenka\/?post_type=product&#038;p=2803"},"modified":"2025-03-16T11:58:49","modified_gmt":"2025-03-16T10:58:49","slug":"sushi-burger-tempura-losos-pieczony","status":"publish","type":"product","link":"https:\/\/panrest.com\/masamibialolenka\/produkt\/sushi-burger-tempura-losos-pieczony\/","title":{"rendered":"Sushi Burger Tempura \u0141oso\u015b Pieczony"},"content":{"rendered":"<p>\u0142oso\u015b pieczony<br \/>\nsos kabayaki<\/p>\n","protected":false},"excerpt":{"rendered":"<p>\u0142oso\u015b pieczony<br \/>\nsos kabayaki<\/p>\n","protected":false},"featured_media":2816,"template":"","meta":{"_acf_changed":false},"product_brand":[],"product_cat":[109],"product_tag":[],"class_list":{"0":"post-2803","1":"product","2":"type-product","3":"status-publish","4":"has-post-thumbnail","6":"product_cat-nowosc-oferta-sezonowa","8":"first","9":"instock","10":"shipping-taxable","11":"purchasable","12":"product-type-simple"},"acf":[],"_links":{"self":[{"href":"https:\/\/panrest.com\/masamibialolenka\/wp-json\/wp\/v2\/product\/2803","targetHints":{"allow":["GET"]}}],"collection":[{"href":"https:\/\/panrest.com\/masamibialolenka\/wp-json\/wp\/v2\/product"}],"about":[{"href":"https:\/\/panrest.com\/masamibialolenka\/wp-json\/wp\/v2\/types\/product"}],"wp:featuredmedia":[{"embeddable":true,"href":"https:\/\/panrest.com\/masamibialolenka\/wp-json\/wp\/v2\/media\/2816"}],"wp:attachment":[{"href":"https:\/\/panrest.com\/masamibialolenka\/wp-json\/wp\/v2\/media?parent=2803"}],"wp:term":[{"taxonomy":"product_brand","embeddable":true,"href":"https:\/\/panrest.com\/masamibialolenka\/wp-json\/wp\/v2\/product_brand?post=2803"},{"taxonomy":"product_cat","embeddable":true,"href":"https:\/\/panrest.com\/masamibialolenka\/wp-json\/wp\/v2\/product_cat?post=2803"},{"taxonomy":"product_tag","embeddable":true,"href":"https:\/\/panrest.com\/masamibialolenka\/wp-json\/wp\/v2\/product_tag?post=2803"}],"curies":[{"name":"wp","href":"https:\/\/api.w.org\/{rel}","templated":true}]}}