{"id":1858,"date":"2025-01-21T13:18:26","date_gmt":"2025-01-21T12:18:26","guid":{"rendered":"https:\/\/panrest.com\/izumisushigaleriamokotow\/?post_type=product&#038;p=1858"},"modified":"2025-08-27T09:49:45","modified_gmt":"2025-08-27T07:49:45","slug":"maki-sushi-set-24-szt-24-pcs","status":"publish","type":"product","link":"https:\/\/panrest.com\/izumisushigaleriamokotow\/produkt\/maki-sushi-set-24-szt-24-pcs\/","title":{"rendered":"Maki sushi set 24 szt. \/ 24 pcs"},"content":{"rendered":"<p>Opis:<br \/>\n3 hosomaki og\u00f3rek<br \/>\n3 hosomaki \u0142oso\u015b<br \/>\n6 futomaki pieczony \u0142oso\u015b<br \/>\n6 Philadelphia maki \u0142oso\u015b<br \/>\n6 California uramaki paluszek krabowy<\/p>\n","protected":false},"excerpt":{"rendered":"<p>Opis: 3 hosomaki og\u00f3rek 3 hosomaki \u0142oso\u015b 6 futomaki pieczony \u0142oso\u015b 6 Philadelphia maki \u0142oso\u015b 6 California uramaki paluszek krabowy<\/p>\n","protected":false},"featured_media":1906,"template":"","meta":{"_acf_changed":false},"product_brand":[],"product_cat":[29],"product_tag":[],"class_list":{"0":"post-1858","1":"product","2":"type-product","3":"status-publish","4":"has-post-thumbnail","6":"product_cat-zestawy-sushi","8":"first","9":"instock","10":"purchasable","11":"product-type-simple"},"acf":[],"_links":{"self":[{"href":"https:\/\/panrest.com\/izumisushigaleriamokotow\/wp-json\/wp\/v2\/product\/1858","targetHints":{"allow":["GET"]}}],"collection":[{"href":"https:\/\/panrest.com\/izumisushigaleriamokotow\/wp-json\/wp\/v2\/product"}],"about":[{"href":"https:\/\/panrest.com\/izumisushigaleriamokotow\/wp-json\/wp\/v2\/types\/product"}],"wp:featuredmedia":[{"embeddable":true,"href":"https:\/\/panrest.com\/izumisushigaleriamokotow\/wp-json\/wp\/v2\/media\/1906"}],"wp:attachment":[{"href":"https:\/\/panrest.com\/izumisushigaleriamokotow\/wp-json\/wp\/v2\/media?parent=1858"}],"wp:term":[{"taxonomy":"product_brand","embeddable":true,"href":"https:\/\/panrest.com\/izumisushigaleriamokotow\/wp-json\/wp\/v2\/product_brand?post=1858"},{"taxonomy":"product_cat","embeddable":true,"href":"https:\/\/panrest.com\/izumisushigaleriamokotow\/wp-json\/wp\/v2\/product_cat?post=1858"},{"taxonomy":"product_tag","embeddable":true,"href":"https:\/\/panrest.com\/izumisushigaleriamokotow\/wp-json\/wp\/v2\/product_tag?post=1858"}],"curies":[{"name":"wp","href":"https:\/\/api.w.org\/{rel}","templated":true}]}}