{"id":2133,"date":"2025-04-09T12:01:16","date_gmt":"2025-04-09T10:01:16","guid":{"rendered":"https:\/\/panrest.com\/izumi-sushi-plac-zbawiciela\/?post_type=product&#038;p=2133"},"modified":"2025-04-09T12:04:24","modified_gmt":"2025-04-09T10:04:24","slug":"ichiban-set-17-szt-17-pcs","status":"publish","type":"product","link":"https:\/\/panrest.com\/izumi-sushi-plac-zbawiciela\/produkt\/ichiban-set-17-szt-17-pcs\/","title":{"rendered":"Ichiban set 17 szt. \/ 17 pcs"},"content":{"rendered":"<p><strong>&#8216;- 5 nigiri: tu\u0144czyk, halibut, \u0142oso\u015b, dorada, omlet tamago \/ 5 nigiri: tuna, halibut, salmon, dorada, tamago omelette<\/strong><br \/>\n<strong>&#8211; Maki pieczony \u0142oso\u015b 6 szt. \/ Baked salmon maki 6 pcs<\/strong><br \/>\n<strong>&#8211; Hosomaki \u0142oso\u015b 3 szt. \/ Salmon hosomaki 3 pcs<\/strong><br \/>\n<strong>&#8211; Hosomaki og\u00f3rek 3 szt. \/ Cucumber hosomaki 3 pcs<\/strong><\/p>\n","protected":false},"excerpt":{"rendered":"<p><strong>&#8216;- 5 nigiri: tu\u0144czyk, halibut, \u0142oso\u015b, dorada, omlet tamago \/ 5 nigiri: tuna, halibut, salmon, dorada, tamago omelette<\/strong><br \/>\n<strong>&#8211; Maki pieczony \u0142oso\u015b 6 szt. \/ Baked salmon maki 6 pcs<\/strong><br \/>\n<strong>&#8211; Hosomaki \u0142oso\u015b 3 szt. \/ Salmon hosomaki 3 pcs<\/strong><br \/>\n<strong>&#8211; Hosomaki og\u00f3rek 3 szt. \/ Cucumber hosomaki 3 pcs<\/strong><\/p>\n","protected":false},"featured_media":2178,"template":"","meta":{"_acf_changed":false},"product_brand":[],"product_cat":[43],"product_tag":[],"class_list":{"0":"post-2133","1":"product","2":"type-product","3":"status-publish","4":"has-post-thumbnail","6":"product_cat-zestawy-sushi","8":"first","9":"instock","10":"purchasable","11":"product-type-variable"},"acf":[],"_links":{"self":[{"href":"https:\/\/panrest.com\/izumi-sushi-plac-zbawiciela\/wp-json\/wp\/v2\/product\/2133","targetHints":{"allow":["GET"]}}],"collection":[{"href":"https:\/\/panrest.com\/izumi-sushi-plac-zbawiciela\/wp-json\/wp\/v2\/product"}],"about":[{"href":"https:\/\/panrest.com\/izumi-sushi-plac-zbawiciela\/wp-json\/wp\/v2\/types\/product"}],"wp:featuredmedia":[{"embeddable":true,"href":"https:\/\/panrest.com\/izumi-sushi-plac-zbawiciela\/wp-json\/wp\/v2\/media\/2178"}],"wp:attachment":[{"href":"https:\/\/panrest.com\/izumi-sushi-plac-zbawiciela\/wp-json\/wp\/v2\/media?parent=2133"}],"wp:term":[{"taxonomy":"product_brand","embeddable":true,"href":"https:\/\/panrest.com\/izumi-sushi-plac-zbawiciela\/wp-json\/wp\/v2\/product_brand?post=2133"},{"taxonomy":"product_cat","embeddable":true,"href":"https:\/\/panrest.com\/izumi-sushi-plac-zbawiciela\/wp-json\/wp\/v2\/product_cat?post=2133"},{"taxonomy":"product_tag","embeddable":true,"href":"https:\/\/panrest.com\/izumi-sushi-plac-zbawiciela\/wp-json\/wp\/v2\/product_tag?post=2133"}],"curies":[{"name":"wp","href":"https:\/\/api.w.org\/{rel}","templated":true}]}}